{"id":34,"date":"2018-12-03T16:40:35","date_gmt":"2018-12-03T15:40:35","guid":{"rendered":"http:\/\/m2ievm.com\/aavelo\/?page_id=34"},"modified":"2019-01-28T11:00:59","modified_gmt":"2019-01-28T10:00:59","slug":"intervention-sur-le-site","status":"publish","type":"page","link":"http:\/\/m2ievm.com\/aavelo\/intervention-sur-le-site\/","title":{"rendered":"Intervention sur site"},"content":{"rendered":"\t\t<div data-elementor-type=\"wp-post\" data-elementor-id=\"34\" class=\"elementor elementor-34 elementor-bc-flex-widget\">\n\t\t\t\t\t\t<section class=\"elementor-section elementor-top-section elementor-element elementor-element-84792ed elementor-section-boxed elementor-section-height-default elementor-section-height-default\" data-id=\"84792ed\" data-element_type=\"section\">\n\t\t\t\t\t\t<div class=\"elementor-container elementor-column-gap-default\">\n\t\t\t\t\t<div class=\"elementor-column elementor-col-100 elementor-top-column elementor-element elementor-element-9c595bf\" data-id=\"9c595bf\" data-element_type=\"column\">\n\t\t\t<div class=\"elementor-widget-wrap elementor-element-populated\">\n\t\t\t\t\t\t<div class=\"elementor-element elementor-element-34b9865 elementor-widget elementor-widget-image\" data-id=\"34b9865\" data-element_type=\"widget\" data-widget_type=\"image.default\">\n\t\t\t\t<div class=\"elementor-widget-container\">\n\t\t\t\t\t\t\t\t\t\t\t\t\t\t\t<img fetchpriority=\"high\" decoding=\"async\" width=\"512\" height=\"355\" src=\"http:\/\/m2ievm.com\/aavelo\/wp-content\/uploads\/2019\/01\/maison-de-la-nature-animation-v\u00e9lo-2222.jpg\" class=\"attachment-large size-large wp-image-341\" alt=\"\" srcset=\"http:\/\/m2ievm.com\/aavelo\/wp-content\/uploads\/2019\/01\/maison-de-la-nature-animation-v\u00e9lo-2222.jpg 512w, http:\/\/m2ievm.com\/aavelo\/wp-content\/uploads\/2019\/01\/maison-de-la-nature-animation-v\u00e9lo-2222-300x208.jpg 300w\" sizes=\"100vw\" \/>\t\t\t\t\t\t\t\t\t\t\t\t\t\t\t<\/div>\n\t\t\t\t<\/div>\n\t\t\t\t\t<\/div>\n\t\t<\/div>\n\t\t\t\t\t<\/div>\n\t\t<\/section>\n\t\t\t\t<section class=\"elementor-section elementor-top-section elementor-element elementor-element-408c1dc elementor-section-boxed elementor-section-height-default elementor-section-height-default\" data-id=\"408c1dc\" data-element_type=\"section\">\n\t\t\t\t\t\t<div class=\"elementor-container elementor-column-gap-default\">\n\t\t\t\t\t<div class=\"elementor-column elementor-col-100 elementor-top-column elementor-element elementor-element-fd36068\" data-id=\"fd36068\" data-element_type=\"column\">\n\t\t\t<div class=\"elementor-widget-wrap elementor-element-populated\">\n\t\t\t\t\t\t<div class=\"elementor-element elementor-element-b5a9341 elementor-widget elementor-widget-text-editor\" data-id=\"b5a9341\" data-element_type=\"widget\" data-widget_type=\"text-editor.default\">\n\t\t\t\t<div class=\"elementor-widget-container\">\n\t\t\t\t\t\t\t\t\t<p>Les techniciens proposent les prestations de la <strong>VELOSTATION<\/strong> sur site gr\u00e2ce \u00e0 son camion-atelier <strong>V\u00e9li\u2019Mobile<\/strong>\u00a0:<\/p><ul><li>R\u00e9parations \u00e0 domicile ou en entreprise,<\/li><li>Ateliers participatifs en entreprise ou au sein de l\u2019association\/collectivit\u00e9,<\/li><li>Animations s\u00e9curit\u00e9 routi\u00e8re et conseil en mobilit\u00e9 ,<\/li><\/ul>\t\t\t\t\t\t\t\t<\/div>\n\t\t\t\t<\/div>\n\t\t\t\t\t<\/div>\n\t\t<\/div>\n\t\t\t\t\t<\/div>\n\t\t<\/section>\n\t\t\t\t<\/div>\n\t\t","protected":false},"excerpt":{"rendered":"<p>Les techniciens proposent les prestations de la VELOSTATION sur site gr\u00e2ce \u00e0 son camion-atelier V\u00e9li\u2019Mobile\u00a0: R\u00e9parations \u00e0 domicile ou en entreprise, Ateliers participatifs en entreprise ou au sein de l\u2019association\/collectivit\u00e9, Animations s\u00e9curit\u00e9 routi\u00e8re et conseil en mobilit\u00e9 ,<\/p>\n","protected":false},"author":1,"featured_media":0,"parent":0,"menu_order":0,"comment_status":"closed","ping_status":"closed","template":"","meta":{"_vp_format_video_url":"","_vp_image_focal_point":[],"footnotes":""},"class_list":["post-34","page","type-page","status-publish","hentry"],"yoast_head":"<!-- This site is optimized with the Yoast SEO plugin v25.0 - https:\/\/yoast.com\/wordpress\/plugins\/seo\/ -->\n<title>Intervention sur site - VELOSTATION PARIS VALLEE DE LA MARNE<\/title>\n<meta name=\"robots\" content=\"index, follow, max-snippet:-1, max-image-preview:large, max-video-preview:-1\" \/>\n<link rel=\"canonical\" href=\"https:\/\/m2ievm.com\/aavelo\/intervention-sur-le-site\/\" \/>\n<meta property=\"og:locale\" content=\"fr_FR\" \/>\n<meta property=\"og:type\" content=\"article\" \/>\n<meta property=\"og:title\" content=\"Intervention sur site - VELOSTATION PARIS VALLEE DE LA MARNE\" \/>\n<meta property=\"og:description\" content=\"Les techniciens proposent les prestations de la VELOSTATION sur site gr\u00e2ce \u00e0 son camion-atelier V\u00e9li\u2019Mobile\u00a0: R\u00e9parations \u00e0 domicile ou en entreprise, Ateliers participatifs en entreprise ou au sein de l\u2019association\/collectivit\u00e9, Animations s\u00e9curit\u00e9 routi\u00e8re et conseil en mobilit\u00e9 ,\" \/>\n<meta property=\"og:url\" content=\"https:\/\/m2ievm.com\/aavelo\/intervention-sur-le-site\/\" \/>\n<meta property=\"og:site_name\" content=\"VELOSTATION PARIS VALLEE DE LA MARNE\" \/>\n<meta property=\"article:modified_time\" content=\"2019-01-28T10:00:59+00:00\" \/>\n<meta name=\"twitter:card\" content=\"summary_large_image\" \/>\n<script type=\"application\/ld+json\" class=\"yoast-schema-graph\">{\"@context\":\"https:\/\/schema.org\",\"@graph\":[{\"@type\":\"WebPage\",\"@id\":\"https:\/\/m2ievm.com\/aavelo\/intervention-sur-le-site\/\",\"url\":\"https:\/\/m2ievm.com\/aavelo\/intervention-sur-le-site\/\",\"name\":\"Intervention sur site - VELOSTATION PARIS VALLEE DE LA MARNE\",\"isPartOf\":{\"@id\":\"http:\/\/m2ievm.com\/aavelo\/#website\"},\"datePublished\":\"2018-12-03T15:40:35+00:00\",\"dateModified\":\"2019-01-28T10:00:59+00:00\",\"breadcrumb\":{\"@id\":\"https:\/\/m2ievm.com\/aavelo\/intervention-sur-le-site\/#breadcrumb\"},\"inLanguage\":\"fr-FR\",\"potentialAction\":[{\"@type\":\"ReadAction\",\"target\":[\"https:\/\/m2ievm.com\/aavelo\/intervention-sur-le-site\/\"]}]},{\"@type\":\"BreadcrumbList\",\"@id\":\"https:\/\/m2ievm.com\/aavelo\/intervention-sur-le-site\/#breadcrumb\",\"itemListElement\":[{\"@type\":\"ListItem\",\"position\":1,\"name\":\"Accueil\",\"item\":\"http:\/\/m2ievm.com\/aavelo\/\"},{\"@type\":\"ListItem\",\"position\":2,\"name\":\"Intervention sur site\"}]},{\"@type\":\"WebSite\",\"@id\":\"http:\/\/m2ievm.com\/aavelo\/#website\",\"url\":\"http:\/\/m2ievm.com\/aavelo\/\",\"name\":\"VELOSTATION PARIS VALLEE DE LA MARNE\",\"description\":\"un nouveau regard sur l&#039; Eco-mobilit\u00e9\",\"publisher\":{\"@id\":\"http:\/\/m2ievm.com\/aavelo\/#organization\"},\"potentialAction\":[{\"@type\":\"SearchAction\",\"target\":{\"@type\":\"EntryPoint\",\"urlTemplate\":\"http:\/\/m2ievm.com\/aavelo\/?s={search_term_string}\"},\"query-input\":{\"@type\":\"PropertyValueSpecification\",\"valueRequired\":true,\"valueName\":\"search_term_string\"}}],\"inLanguage\":\"fr-FR\"},{\"@type\":\"Organization\",\"@id\":\"http:\/\/m2ievm.com\/aavelo\/#organization\",\"name\":\"VELOSTATION PARIS VALLEE DE LA MARNE\",\"url\":\"http:\/\/m2ievm.com\/aavelo\/\",\"logo\":{\"@type\":\"ImageObject\",\"inLanguage\":\"fr-FR\",\"@id\":\"http:\/\/m2ievm.com\/aavelo\/#\/schema\/logo\/image\/\",\"url\":\"http:\/\/m2ievm.com\/aavelo\/wp-content\/uploads\/2025\/04\/cropped-logo-velostation-3-02.png\",\"contentUrl\":\"http:\/\/m2ievm.com\/aavelo\/wp-content\/uploads\/2025\/04\/cropped-logo-velostation-3-02.png\",\"width\":249,\"height\":250,\"caption\":\"VELOSTATION PARIS VALLEE DE LA MARNE\"},\"image\":{\"@id\":\"http:\/\/m2ievm.com\/aavelo\/#\/schema\/logo\/image\/\"}}]}<\/script>\n<!-- \/ Yoast SEO plugin. -->","yoast_head_json":{"title":"Intervention sur site - VELOSTATION PARIS VALLEE DE LA MARNE","robots":{"index":"index","follow":"follow","max-snippet":"max-snippet:-1","max-image-preview":"max-image-preview:large","max-video-preview":"max-video-preview:-1"},"canonical":"https:\/\/m2ievm.com\/aavelo\/intervention-sur-le-site\/","og_locale":"fr_FR","og_type":"article","og_title":"Intervention sur site - VELOSTATION PARIS VALLEE DE LA MARNE","og_description":"Les techniciens proposent les prestations de la VELOSTATION sur site gr\u00e2ce \u00e0 son camion-atelier V\u00e9li\u2019Mobile\u00a0: R\u00e9parations \u00e0 domicile ou en entreprise, Ateliers participatifs en entreprise ou au sein de l\u2019association\/collectivit\u00e9, Animations s\u00e9curit\u00e9 routi\u00e8re et conseil en mobilit\u00e9 ,","og_url":"https:\/\/m2ievm.com\/aavelo\/intervention-sur-le-site\/","og_site_name":"VELOSTATION PARIS VALLEE DE LA MARNE","article_modified_time":"2019-01-28T10:00:59+00:00","twitter_card":"summary_large_image","schema":{"@context":"https:\/\/schema.org","@graph":[{"@type":"WebPage","@id":"https:\/\/m2ievm.com\/aavelo\/intervention-sur-le-site\/","url":"https:\/\/m2ievm.com\/aavelo\/intervention-sur-le-site\/","name":"Intervention sur site - VELOSTATION PARIS VALLEE DE LA MARNE","isPartOf":{"@id":"http:\/\/m2ievm.com\/aavelo\/#website"},"datePublished":"2018-12-03T15:40:35+00:00","dateModified":"2019-01-28T10:00:59+00:00","breadcrumb":{"@id":"https:\/\/m2ievm.com\/aavelo\/intervention-sur-le-site\/#breadcrumb"},"inLanguage":"fr-FR","potentialAction":[{"@type":"ReadAction","target":["https:\/\/m2ievm.com\/aavelo\/intervention-sur-le-site\/"]}]},{"@type":"BreadcrumbList","@id":"https:\/\/m2ievm.com\/aavelo\/intervention-sur-le-site\/#breadcrumb","itemListElement":[{"@type":"ListItem","position":1,"name":"Accueil","item":"http:\/\/m2ievm.com\/aavelo\/"},{"@type":"ListItem","position":2,"name":"Intervention sur site"}]},{"@type":"WebSite","@id":"http:\/\/m2ievm.com\/aavelo\/#website","url":"http:\/\/m2ievm.com\/aavelo\/","name":"VELOSTATION PARIS VALLEE DE LA MARNE","description":"un nouveau regard sur l&#039; Eco-mobilit\u00e9","publisher":{"@id":"http:\/\/m2ievm.com\/aavelo\/#organization"},"potentialAction":[{"@type":"SearchAction","target":{"@type":"EntryPoint","urlTemplate":"http:\/\/m2ievm.com\/aavelo\/?s={search_term_string}"},"query-input":{"@type":"PropertyValueSpecification","valueRequired":true,"valueName":"search_term_string"}}],"inLanguage":"fr-FR"},{"@type":"Organization","@id":"http:\/\/m2ievm.com\/aavelo\/#organization","name":"VELOSTATION PARIS VALLEE DE LA MARNE","url":"http:\/\/m2ievm.com\/aavelo\/","logo":{"@type":"ImageObject","inLanguage":"fr-FR","@id":"http:\/\/m2ievm.com\/aavelo\/#\/schema\/logo\/image\/","url":"http:\/\/m2ievm.com\/aavelo\/wp-content\/uploads\/2025\/04\/cropped-logo-velostation-3-02.png","contentUrl":"http:\/\/m2ievm.com\/aavelo\/wp-content\/uploads\/2025\/04\/cropped-logo-velostation-3-02.png","width":249,"height":250,"caption":"VELOSTATION PARIS VALLEE DE LA MARNE"},"image":{"@id":"http:\/\/m2ievm.com\/aavelo\/#\/schema\/logo\/image\/"}}]}},"_links":{"self":[{"href":"http:\/\/m2ievm.com\/aavelo\/wp-json\/wp\/v2\/pages\/34","targetHints":{"allow":["GET"]}}],"collection":[{"href":"http:\/\/m2ievm.com\/aavelo\/wp-json\/wp\/v2\/pages"}],"about":[{"href":"http:\/\/m2ievm.com\/aavelo\/wp-json\/wp\/v2\/types\/page"}],"author":[{"embeddable":true,"href":"http:\/\/m2ievm.com\/aavelo\/wp-json\/wp\/v2\/users\/1"}],"replies":[{"embeddable":true,"href":"http:\/\/m2ievm.com\/aavelo\/wp-json\/wp\/v2\/comments?post=34"}],"version-history":[{"count":5,"href":"http:\/\/m2ievm.com\/aavelo\/wp-json\/wp\/v2\/pages\/34\/revisions"}],"predecessor-version":[{"id":662,"href":"http:\/\/m2ievm.com\/aavelo\/wp-json\/wp\/v2\/pages\/34\/revisions\/662"}],"wp:attachment":[{"href":"http:\/\/m2ievm.com\/aavelo\/wp-json\/wp\/v2\/media?parent=34"}],"curies":[{"name":"wp","href":"https:\/\/api.w.org\/{rel}","templated":true}]}}