{"id":483,"date":"2019-01-08T15:14:36","date_gmt":"2019-01-08T14:14:36","guid":{"rendered":"http:\/\/m2ievm.com\/aavelo\/?page_id=483"},"modified":"2019-01-28T10:27:23","modified_gmt":"2019-01-28T09:27:23","slug":"mentions-legales","status":"publish","type":"page","link":"http:\/\/m2ievm.com\/aavelo\/mentions-legales\/","title":{"rendered":"Mentions l\u00e9gales"},"content":{"rendered":"\n<p class=\"has-medium-font-size\"><strong>\u00c9diteur de site<\/strong><br>M2IE<br>VELOSTATION-PVM Rue L\u00e9on Blum 77200 Torcy<br>06 09 39 32 86 \/ 01 64 62 22 49<br>Directeur de publication : Julie PATRAT<\/p>\n\n\n\n<p class=\"has-medium-font-size\"><strong>Concepteur du site<\/strong><br>TRAVAIL ENTRAIDE<br>50 Avenue de la Gare, 77350 Le M\u00e9e-sur-Seine <br>01 60 56 50 70 <br><\/p>\n\n\n\n<p class=\"has-medium-font-size\"><strong>H\u00e9bergeur<\/strong><br>OVH<br>2 rue Kellerman&nbsp;\u2013 59100 ROUBAIX Cedex <\/p>\n\n\n\n<p class=\"has-medium-font-size\"><strong>Donn\u00e9es Personnelles<\/strong><br>Les informations que vous saisissez dans les formulaires ou courriels, sont destin\u00e9es \u00e0 l&rsquo;association M2IE.<br>Aucune information personnelle de l\u2019utilisateur n\u2019est publi\u00e9e \u00e0 l\u2019insu de l\u2019utilisateur, \u00e9chang\u00e9e, transf\u00e9r\u00e9e, c\u00e9d\u00e9e ou vendue \u00e0 des tiers.<br>Vous disposez d\u2019un droit d\u2019acc\u00e8s, de modification, de rectification et de suppression des donn\u00e9es qui vous concernent (art.34 de la loi \u00ab\u00a0Informatique et Libert\u00e9s\u00a0\u00bb). Pour l\u2019exercer, adressez vous \u00e0 l&rsquo;association <br>M2IE  :  VELOSTATION-PVM Rue L\u00e9on Blum 77200 Torcy . <\/p>\n\n\n\n<p><\/p>\n","protected":false},"excerpt":{"rendered":"<p>\u00c9diteur de siteM2IEVELOSTATION-PVM Rue L\u00e9on Blum 77200 Torcy06 09 39 32 86 \/ 01 64 62 22 49Directeur de publication : Julie PATRAT Concepteur du siteTRAVAIL ENTRAIDE50 Avenue de la Gare, 77350 Le M\u00e9e-sur-Seine 01 60 56 50 70 H\u00e9bergeurOVH2 rue Kellerman&nbsp;\u2013 59100 ROUBAIX Cedex Donn\u00e9es PersonnellesLes informations que vous saisissez dans les formulaires ou &hellip; <\/p>\n<p class=\"link-more\"><a href=\"http:\/\/m2ievm.com\/aavelo\/mentions-legales\/\" class=\"more-link\">Continuer la lecture<span class=\"screen-reader-text\"> de &laquo;&nbsp;Mentions l\u00e9gales&nbsp;&raquo;<\/span><\/a><\/p>\n","protected":false},"author":1,"featured_media":0,"parent":0,"menu_order":0,"comment_status":"closed","ping_status":"closed","template":"","meta":{"_vp_format_video_url":"","_vp_image_focal_point":[],"footnotes":""},"class_list":["post-483","page","type-page","status-publish","hentry"],"yoast_head":"<!-- This site is optimized with the Yoast SEO plugin v25.0 - https:\/\/yoast.com\/wordpress\/plugins\/seo\/ -->\n<title>Mentions l\u00e9gales - VELOSTATION PARIS VALLEE DE LA MARNE<\/title>\n<meta name=\"robots\" content=\"index, follow, max-snippet:-1, max-image-preview:large, max-video-preview:-1\" \/>\n<link rel=\"canonical\" href=\"http:\/\/m2ievm.com\/aavelo\/mentions-legales\/\" \/>\n<meta property=\"og:locale\" content=\"fr_FR\" \/>\n<meta property=\"og:type\" content=\"article\" \/>\n<meta property=\"og:title\" content=\"Mentions l\u00e9gales - VELOSTATION PARIS VALLEE DE LA MARNE\" \/>\n<meta property=\"og:description\" content=\"\u00c9diteur de siteM2IEVELOSTATION-PVM Rue L\u00e9on Blum 77200 Torcy06 09 39 32 86 \/ 01 64 62 22 49Directeur de publication : Julie PATRAT Concepteur du siteTRAVAIL ENTRAIDE50 Avenue de la Gare, 77350 Le M\u00e9e-sur-Seine 01 60 56 50 70 H\u00e9bergeurOVH2 rue Kellerman&nbsp;\u2013 59100 ROUBAIX Cedex Donn\u00e9es PersonnellesLes informations que vous saisissez dans les formulaires ou &hellip; Continuer la lecture de &laquo;&nbsp;Mentions l\u00e9gales&nbsp;&raquo;\" \/>\n<meta property=\"og:url\" content=\"http:\/\/m2ievm.com\/aavelo\/mentions-legales\/\" \/>\n<meta property=\"og:site_name\" content=\"VELOSTATION PARIS VALLEE DE LA MARNE\" \/>\n<meta property=\"article:modified_time\" content=\"2019-01-28T09:27:23+00:00\" \/>\n<meta name=\"twitter:card\" content=\"summary_large_image\" \/>\n<meta name=\"twitter:label1\" content=\"Dur\u00e9e de lecture estim\u00e9e\" \/>\n\t<meta name=\"twitter:data1\" content=\"1 minute\" \/>\n<script type=\"application\/ld+json\" class=\"yoast-schema-graph\">{\"@context\":\"https:\/\/schema.org\",\"@graph\":[{\"@type\":\"WebPage\",\"@id\":\"http:\/\/m2ievm.com\/aavelo\/mentions-legales\/\",\"url\":\"http:\/\/m2ievm.com\/aavelo\/mentions-legales\/\",\"name\":\"Mentions l\u00e9gales - VELOSTATION PARIS VALLEE DE LA MARNE\",\"isPartOf\":{\"@id\":\"https:\/\/m2ievm.com\/aavelo\/#website\"},\"datePublished\":\"2019-01-08T14:14:36+00:00\",\"dateModified\":\"2019-01-28T09:27:23+00:00\",\"breadcrumb\":{\"@id\":\"http:\/\/m2ievm.com\/aavelo\/mentions-legales\/#breadcrumb\"},\"inLanguage\":\"fr-FR\",\"potentialAction\":[{\"@type\":\"ReadAction\",\"target\":[\"http:\/\/m2ievm.com\/aavelo\/mentions-legales\/\"]}]},{\"@type\":\"BreadcrumbList\",\"@id\":\"http:\/\/m2ievm.com\/aavelo\/mentions-legales\/#breadcrumb\",\"itemListElement\":[{\"@type\":\"ListItem\",\"position\":1,\"name\":\"Accueil\",\"item\":\"http:\/\/m2ievm.com\/aavelo\/\"},{\"@type\":\"ListItem\",\"position\":2,\"name\":\"Mentions l\u00e9gales\"}]},{\"@type\":\"WebSite\",\"@id\":\"https:\/\/m2ievm.com\/aavelo\/#website\",\"url\":\"https:\/\/m2ievm.com\/aavelo\/\",\"name\":\"VELOSTATION PARIS VALLEE DE LA MARNE\",\"description\":\"un nouveau regard sur l&#039; Eco-mobilit\u00e9\",\"publisher\":{\"@id\":\"https:\/\/m2ievm.com\/aavelo\/#organization\"},\"potentialAction\":[{\"@type\":\"SearchAction\",\"target\":{\"@type\":\"EntryPoint\",\"urlTemplate\":\"https:\/\/m2ievm.com\/aavelo\/?s={search_term_string}\"},\"query-input\":{\"@type\":\"PropertyValueSpecification\",\"valueRequired\":true,\"valueName\":\"search_term_string\"}}],\"inLanguage\":\"fr-FR\"},{\"@type\":\"Organization\",\"@id\":\"https:\/\/m2ievm.com\/aavelo\/#organization\",\"name\":\"VELOSTATION PARIS VALLEE DE LA MARNE\",\"url\":\"https:\/\/m2ievm.com\/aavelo\/\",\"logo\":{\"@type\":\"ImageObject\",\"inLanguage\":\"fr-FR\",\"@id\":\"https:\/\/m2ievm.com\/aavelo\/#\/schema\/logo\/image\/\",\"url\":\"http:\/\/m2ievm.com\/aavelo\/wp-content\/uploads\/2025\/04\/cropped-logo-velostation-3-02.png\",\"contentUrl\":\"http:\/\/m2ievm.com\/aavelo\/wp-content\/uploads\/2025\/04\/cropped-logo-velostation-3-02.png\",\"width\":249,\"height\":250,\"caption\":\"VELOSTATION PARIS VALLEE DE LA MARNE\"},\"image\":{\"@id\":\"https:\/\/m2ievm.com\/aavelo\/#\/schema\/logo\/image\/\"}}]}<\/script>\n<!-- \/ Yoast SEO plugin. -->","yoast_head_json":{"title":"Mentions l\u00e9gales - VELOSTATION PARIS VALLEE DE LA MARNE","robots":{"index":"index","follow":"follow","max-snippet":"max-snippet:-1","max-image-preview":"max-image-preview:large","max-video-preview":"max-video-preview:-1"},"canonical":"http:\/\/m2ievm.com\/aavelo\/mentions-legales\/","og_locale":"fr_FR","og_type":"article","og_title":"Mentions l\u00e9gales - VELOSTATION PARIS VALLEE DE LA MARNE","og_description":"\u00c9diteur de siteM2IEVELOSTATION-PVM Rue L\u00e9on Blum 77200 Torcy06 09 39 32 86 \/ 01 64 62 22 49Directeur de publication : Julie PATRAT Concepteur du siteTRAVAIL ENTRAIDE50 Avenue de la Gare, 77350 Le M\u00e9e-sur-Seine 01 60 56 50 70 H\u00e9bergeurOVH2 rue Kellerman&nbsp;\u2013 59100 ROUBAIX Cedex Donn\u00e9es PersonnellesLes informations que vous saisissez dans les formulaires ou &hellip; Continuer la lecture de &laquo;&nbsp;Mentions l\u00e9gales&nbsp;&raquo;","og_url":"http:\/\/m2ievm.com\/aavelo\/mentions-legales\/","og_site_name":"VELOSTATION PARIS VALLEE DE LA MARNE","article_modified_time":"2019-01-28T09:27:23+00:00","twitter_card":"summary_large_image","twitter_misc":{"Dur\u00e9e de lecture estim\u00e9e":"1 minute"},"schema":{"@context":"https:\/\/schema.org","@graph":[{"@type":"WebPage","@id":"http:\/\/m2ievm.com\/aavelo\/mentions-legales\/","url":"http:\/\/m2ievm.com\/aavelo\/mentions-legales\/","name":"Mentions l\u00e9gales - VELOSTATION PARIS VALLEE DE LA MARNE","isPartOf":{"@id":"https:\/\/m2ievm.com\/aavelo\/#website"},"datePublished":"2019-01-08T14:14:36+00:00","dateModified":"2019-01-28T09:27:23+00:00","breadcrumb":{"@id":"http:\/\/m2ievm.com\/aavelo\/mentions-legales\/#breadcrumb"},"inLanguage":"fr-FR","potentialAction":[{"@type":"ReadAction","target":["http:\/\/m2ievm.com\/aavelo\/mentions-legales\/"]}]},{"@type":"BreadcrumbList","@id":"http:\/\/m2ievm.com\/aavelo\/mentions-legales\/#breadcrumb","itemListElement":[{"@type":"ListItem","position":1,"name":"Accueil","item":"http:\/\/m2ievm.com\/aavelo\/"},{"@type":"ListItem","position":2,"name":"Mentions l\u00e9gales"}]},{"@type":"WebSite","@id":"https:\/\/m2ievm.com\/aavelo\/#website","url":"https:\/\/m2ievm.com\/aavelo\/","name":"VELOSTATION PARIS VALLEE DE LA MARNE","description":"un nouveau regard sur l&#039; Eco-mobilit\u00e9","publisher":{"@id":"https:\/\/m2ievm.com\/aavelo\/#organization"},"potentialAction":[{"@type":"SearchAction","target":{"@type":"EntryPoint","urlTemplate":"https:\/\/m2ievm.com\/aavelo\/?s={search_term_string}"},"query-input":{"@type":"PropertyValueSpecification","valueRequired":true,"valueName":"search_term_string"}}],"inLanguage":"fr-FR"},{"@type":"Organization","@id":"https:\/\/m2ievm.com\/aavelo\/#organization","name":"VELOSTATION PARIS VALLEE DE LA MARNE","url":"https:\/\/m2ievm.com\/aavelo\/","logo":{"@type":"ImageObject","inLanguage":"fr-FR","@id":"https:\/\/m2ievm.com\/aavelo\/#\/schema\/logo\/image\/","url":"http:\/\/m2ievm.com\/aavelo\/wp-content\/uploads\/2025\/04\/cropped-logo-velostation-3-02.png","contentUrl":"http:\/\/m2ievm.com\/aavelo\/wp-content\/uploads\/2025\/04\/cropped-logo-velostation-3-02.png","width":249,"height":250,"caption":"VELOSTATION PARIS VALLEE DE LA MARNE"},"image":{"@id":"https:\/\/m2ievm.com\/aavelo\/#\/schema\/logo\/image\/"}}]}},"_links":{"self":[{"href":"http:\/\/m2ievm.com\/aavelo\/wp-json\/wp\/v2\/pages\/483","targetHints":{"allow":["GET"]}}],"collection":[{"href":"http:\/\/m2ievm.com\/aavelo\/wp-json\/wp\/v2\/pages"}],"about":[{"href":"http:\/\/m2ievm.com\/aavelo\/wp-json\/wp\/v2\/types\/page"}],"author":[{"embeddable":true,"href":"http:\/\/m2ievm.com\/aavelo\/wp-json\/wp\/v2\/users\/1"}],"replies":[{"embeddable":true,"href":"http:\/\/m2ievm.com\/aavelo\/wp-json\/wp\/v2\/comments?post=483"}],"version-history":[{"count":5,"href":"http:\/\/m2ievm.com\/aavelo\/wp-json\/wp\/v2\/pages\/483\/revisions"}],"predecessor-version":[{"id":655,"href":"http:\/\/m2ievm.com\/aavelo\/wp-json\/wp\/v2\/pages\/483\/revisions\/655"}],"wp:attachment":[{"href":"http:\/\/m2ievm.com\/aavelo\/wp-json\/wp\/v2\/media?parent=483"}],"curies":[{"name":"wp","href":"https:\/\/api.w.org\/{rel}","templated":true}]}}

Mentions légales

<p class="has-medium-font-size"><strong>Éditeur de site</strong><br>M2IE<br>VELOSTATION-PVM Rue Léon Blum 77200 Torcy<br>06 09 39 32 86 / 01 64 62 22 49<br>Directeur de publication : Julie PATRAT</p>



<p class="has-medium-font-size"><strong>Concepteur du site</strong><br>TRAVAIL ENTRAIDE<br>50 Avenue de la Gare, 77350 Le Mée-sur-Seine <br>01 60 56 50 70 <br></p>



<p class="has-medium-font-size"><strong>Hébergeur</strong><br>OVH<br>2 rue Kellerman&nbsp;– 59100 ROUBAIX Cedex </p>



<p class="has-medium-font-size"><strong>Données Personnelles</strong><br>Les informations que vous saisissez dans les formulaires ou courriels, sont destinées à l&rsquo;association M2IE.<br>Aucune information personnelle de l’utilisateur n’est publiée à l’insu de l’utilisateur, échangée, transférée, cédée ou vendue à des tiers.<br>Vous disposez d’un droit d’accès, de modification, de rectification et de suppression des données qui vous concernent (art.34 de la loi « Informatique et Libertés »). Pour l’exercer, adressez vous à l&rsquo;association <br>M2IE  :  VELOSTATION-PVM Rue Léon Blum 77200 Torcy . </p>



<p></p>

<p>Éditeur de siteM2IEVELOSTATION-PVM Rue Léon Blum 77200 Torcy06 09 39 32 86 / 01 64 62 22 49Directeur de publication : Julie PATRAT Concepteur du siteTRAVAIL ENTRAIDE50 Avenue de la Gare, 77350 Le Mée-sur-Seine 01 60 56 50 70 HébergeurOVH2 rue Kellerman&nbsp;– 59100 ROUBAIX Cedex Données PersonnellesLes informations que vous saisissez dans les formulaires ou &hellip; </p>
<p class="link-more"><a href="http://m2ievm.com/aavelo/mentions-legales/" class="more-link">Continuer la lecture<span class="screen-reader-text"> de &laquo;&nbsp;Mentions légales&nbsp;&raquo;</span></a></p>

<!-- This site is optimized with the Yoast SEO plugin v25.0 - https://yoast.com/wordpress/plugins/seo/ -->
<title>Mentions légales - VELOSTATION PARIS VALLEE DE LA MARNE</title>
<meta name="robots" content="index, follow, max-snippet:-1, max-image-preview:large, max-video-preview:-1" />
<link rel="canonical" href="http://m2ievm.com/aavelo/mentions-legales/" />
<meta property="og:locale" content="fr_FR" />
<meta property="og:type" content="article" />
<meta property="og:title" content="Mentions légales - VELOSTATION PARIS VALLEE DE LA MARNE" />
<meta property="og:description" content="Éditeur de siteM2IEVELOSTATION-PVM Rue Léon Blum 77200 Torcy06 09 39 32 86 / 01 64 62 22 49Directeur de publication : Julie PATRAT Concepteur du siteTRAVAIL ENTRAIDE50 Avenue de la Gare, 77350 Le Mée-sur-Seine 01 60 56 50 70 HébergeurOVH2 rue Kellerman&nbsp;– 59100 ROUBAIX Cedex Données PersonnellesLes informations que vous saisissez dans les formulaires ou &hellip; Continuer la lecture de &laquo;&nbsp;Mentions légales&nbsp;&raquo;" />
<meta property="og:url" content="http://m2ievm.com/aavelo/mentions-legales/" />
<meta property="og:site_name" content="VELOSTATION PARIS VALLEE DE LA MARNE" />
<meta property="article:modified_time" content="2019-01-28T09:27:23+00:00" />
<meta name="twitter:card" content="summary_large_image" />
<meta name="twitter:label1" content="Durée de lecture estimée" />
	<meta name="twitter:data1" content="1 minute" />
<script type="application/ld+json" class="yoast-schema-graph">{"@context":"https://schema.org","@graph":[{"@type":"WebPage","@id":"http://m2ievm.com/aavelo/mentions-legales/","url":"http://m2ievm.com/aavelo/mentions-legales/","name":"Mentions légales - VELOSTATION PARIS VALLEE DE LA MARNE","isPartOf":{"@id":"https://m2ievm.com/aavelo/#website"},"datePublished":"2019-01-08T14:14:36+00:00","dateModified":"2019-01-28T09:27:23+00:00","breadcrumb":{"@id":"http://m2ievm.com/aavelo/mentions-legales/#breadcrumb"},"inLanguage":"fr-FR","potentialAction":[{"@type":"ReadAction","target":["http://m2ievm.com/aavelo/mentions-legales/"]}]},{"@type":"BreadcrumbList","@id":"http://m2ievm.com/aavelo/mentions-legales/#breadcrumb","itemListElement":[{"@type":"ListItem","position":1,"name":"Accueil","item":"http://m2ievm.com/aavelo/"},{"@type":"ListItem","position":2,"name":"Mentions légales"}]},{"@type":"WebSite","@id":"https://m2ievm.com/aavelo/#website","url":"https://m2ievm.com/aavelo/","name":"VELOSTATION PARIS VALLEE DE LA MARNE","description":"un nouveau regard sur l&#039; Eco-mobilité","publisher":{"@id":"https://m2ievm.com/aavelo/#organization"},"potentialAction":[{"@type":"SearchAction","target":{"@type":"EntryPoint","urlTemplate":"https://m2ievm.com/aavelo/?s={search_term_string}"},"query-input":{"@type":"PropertyValueSpecification","valueRequired":true,"valueName":"search_term_string"}}],"inLanguage":"fr-FR"},{"@type":"Organization","@id":"https://m2ievm.com/aavelo/#organization","name":"VELOSTATION PARIS VALLEE DE LA MARNE","url":"https://m2ievm.com/aavelo/","logo":{"@type":"ImageObject","inLanguage":"fr-FR","@id":"https://m2ievm.com/aavelo/#/schema/logo/image/","url":"http://m2ievm.com/aavelo/wp-content/uploads/2025/04/cropped-logo-velostation-3-02.png","contentUrl":"http://m2ievm.com/aavelo/wp-content/uploads/2025/04/cropped-logo-velostation-3-02.png","width":249,"height":250,"caption":"VELOSTATION PARIS VALLEE DE LA MARNE"},"image":{"@id":"https://m2ievm.com/aavelo/#/schema/logo/image/"}}]}</script>
<!-- / Yoast SEO plugin. -->

Mentions légales - VELOSTATION PARIS VALLEE DE LA MARNE

Éditeur de siteM2IEVELOSTATION-PVM Rue Léon Blum 77200 Torcy06 09 39 32 86 / 01 64 62 22 49Directeur de publication : Julie PATRAT Concepteur du siteTRAVAIL ENTRAIDE50 Avenue de la Gare, 77350 Le Mée-sur-Seine 01 60 56 50 70 HébergeurOVH2 rue Kellerman&nbsp;– 59100 ROUBAIX Cedex Données PersonnellesLes informations que vous saisissez dans les formulaires ou &hellip; Continuer la lecture de &laquo;&nbsp;Mentions légales&nbsp;&raquo;

un nouveau regard sur l&#039; Eco-mobilité
