{"id":23,"date":"2018-12-03T16:39:21","date_gmt":"2018-12-03T15:39:21","guid":{"rendered":"http:\/\/m2ievm.com\/aavelo\/?page_id=23"},"modified":"2019-01-17T16:46:36","modified_gmt":"2019-01-17T15:46:36","slug":"qui-sommes-nous","status":"publish","type":"page","link":"https:\/\/m2ievm.com\/aavelo\/qui-sommes-nous\/","title":{"rendered":"Qui sommes-nous?"},"content":{"rendered":"\t\t<div data-elementor-type=\"wp-post\" data-elementor-id=\"23\" class=\"elementor elementor-23 elementor-bc-flex-widget\">\n\t\t\t\t\t\t<section class=\"elementor-section elementor-top-section elementor-element elementor-element-a8df620 elementor-section-boxed elementor-section-height-default elementor-section-height-default\" data-id=\"a8df620\" data-element_type=\"section\">\n\t\t\t\t\t\t<div class=\"elementor-container elementor-column-gap-default\">\n\t\t\t\t\t<div class=\"elementor-column elementor-col-100 elementor-top-column elementor-element elementor-element-5d68de6\" data-id=\"5d68de6\" data-element_type=\"column\">\n\t\t\t<div class=\"elementor-widget-wrap elementor-element-populated\">\n\t\t\t\t\t\t<div class=\"elementor-element elementor-element-ced44b5 elementor-widget elementor-widget-image\" data-id=\"ced44b5\" data-element_type=\"widget\" data-widget_type=\"image.default\">\n\t\t\t\t<div class=\"elementor-widget-container\">\n\t\t\t\t\t\t\t\t\t\t\t\t\t\t\t<img fetchpriority=\"high\" decoding=\"async\" width=\"300\" height=\"197\" src=\"https:\/\/m2ievm.com\/aavelo\/wp-content\/uploads\/2019\/01\/devanture-VELIGO4-e1546956291660-300x197.jpg\" class=\"attachment-medium size-medium wp-image-478\" alt=\"\" srcset=\"https:\/\/m2ievm.com\/aavelo\/wp-content\/uploads\/2019\/01\/devanture-VELIGO4-e1546956291660-300x197.jpg 300w, https:\/\/m2ievm.com\/aavelo\/wp-content\/uploads\/2019\/01\/devanture-VELIGO4-e1546956291660.jpg 499w\" sizes=\"100vw\" \/>\t\t\t\t\t\t\t\t\t\t\t\t\t\t\t<\/div>\n\t\t\t\t<\/div>\n\t\t\t\t\t<\/div>\n\t\t<\/div>\n\t\t\t\t\t<\/div>\n\t\t<\/section>\n\t\t\t\t<section class=\"elementor-section elementor-top-section elementor-element elementor-element-8732b6a elementor-section-boxed elementor-section-height-default elementor-section-height-default\" data-id=\"8732b6a\" data-element_type=\"section\">\n\t\t\t\t\t\t<div class=\"elementor-container elementor-column-gap-default\">\n\t\t\t\t\t<div class=\"elementor-column elementor-col-100 elementor-top-column elementor-element elementor-element-5e3694f\" data-id=\"5e3694f\" data-element_type=\"column\">\n\t\t\t<div class=\"elementor-widget-wrap elementor-element-populated\">\n\t\t\t\t\t\t<div class=\"elementor-element elementor-element-5156c71 elementor-widget elementor-widget-text-editor\" data-id=\"5156c71\" data-element_type=\"widget\" data-widget_type=\"text-editor.default\">\n\t\t\t\t<div class=\"elementor-widget-container\">\n\t\t\t\t\t\t\t\t\t<p>La <strong>VELOSTATION<\/strong> a \u00e9t\u00e9 mise en place par la Maison Intercommunale de l\u2019Insertion et de l\u2019Emploi Paris Vall\u00e9e de la Marne en 2015 r\u00e9pondant ainsi \u00e0 un double objectif\u00a0:<\/p><ul><li>Permettre \u00e0 des chercheurs d\u2019emploi d\u2019\u00eatre recrut\u00e9s en contrat \u00e0 dur\u00e9e d\u00e9termin\u00e9e d\u2019insertion (CDDI)<\/li><li>Offrir aux habitants du territoire de Paris Vall\u00e9e de La Marne des services en lien avec le v\u00e9lo tout en sensibilisant aux probl\u00e9matiques environnementales et aux modes de circulation alternatifs<\/li><\/ul><p><strong>La Maison Intercommunale de l\u2019Insertion et de l\u2019Emploi-M2IE<\/strong> est une entit\u00e9 de l\u2019\u00e9conomie sociale et solidaire dont le fonctionnement interne et les activit\u00e9s sont fond\u00e9s sur un principe de solidarit\u00e9 et d&rsquo;utilit\u00e9 sociale.<\/p>\t\t\t\t\t\t\t\t<\/div>\n\t\t\t\t<\/div>\n\t\t\t\t\t<\/div>\n\t\t<\/div>\n\t\t\t\t\t<\/div>\n\t\t<\/section>\n\t\t\t\t<\/div>\n\t\t","protected":false},"excerpt":{"rendered":"<p>La VELOSTATION a \u00e9t\u00e9 mise en place par la Maison Intercommunale de l\u2019Insertion et de l\u2019Emploi Paris Vall\u00e9e de la Marne en 2015 r\u00e9pondant ainsi \u00e0 un double objectif\u00a0: Permettre \u00e0 des chercheurs d\u2019emploi d\u2019\u00eatre recrut\u00e9s en contrat \u00e0 dur\u00e9e d\u00e9termin\u00e9e d\u2019insertion (CDDI) Offrir aux habitants du territoire de Paris Vall\u00e9e de La Marne des &hellip; <\/p>\n<p class=\"link-more\"><a href=\"https:\/\/m2ievm.com\/aavelo\/qui-sommes-nous\/\" class=\"more-link\">Continuer la lecture<span class=\"screen-reader-text\"> de &laquo;&nbsp;Qui sommes-nous?&nbsp;&raquo;<\/span><\/a><\/p>\n","protected":false},"author":1,"featured_media":0,"parent":0,"menu_order":0,"comment_status":"closed","ping_status":"closed","template":"","meta":{"_vp_format_video_url":"","_vp_image_focal_point":[],"footnotes":""},"class_list":["post-23","page","type-page","status-publish","hentry"],"yoast_head":"<!-- This site is optimized with the Yoast SEO plugin v25.0 - https:\/\/yoast.com\/wordpress\/plugins\/seo\/ -->\n<title>Qui sommes-nous? - VELOSTATION PARIS VALLEE DE LA MARNE<\/title>\n<meta name=\"robots\" content=\"index, follow, max-snippet:-1, max-image-preview:large, max-video-preview:-1\" \/>\n<link rel=\"canonical\" href=\"https:\/\/m2ievm.com\/aavelo\/qui-sommes-nous\/\" \/>\n<meta property=\"og:locale\" content=\"fr_FR\" \/>\n<meta property=\"og:type\" content=\"article\" \/>\n<meta property=\"og:title\" content=\"Qui sommes-nous? - VELOSTATION PARIS VALLEE DE LA MARNE\" \/>\n<meta property=\"og:description\" content=\"La VELOSTATION a \u00e9t\u00e9 mise en place par la Maison Intercommunale de l\u2019Insertion et de l\u2019Emploi Paris Vall\u00e9e de la Marne en 2015 r\u00e9pondant ainsi \u00e0 un double objectif\u00a0: Permettre \u00e0 des chercheurs d\u2019emploi d\u2019\u00eatre recrut\u00e9s en contrat \u00e0 dur\u00e9e d\u00e9termin\u00e9e d\u2019insertion (CDDI) Offrir aux habitants du territoire de Paris Vall\u00e9e de La Marne des &hellip; Continuer la lecture de &laquo;&nbsp;Qui sommes-nous?&nbsp;&raquo;\" \/>\n<meta property=\"og:url\" content=\"https:\/\/m2ievm.com\/aavelo\/qui-sommes-nous\/\" \/>\n<meta property=\"og:site_name\" content=\"VELOSTATION PARIS VALLEE DE LA MARNE\" \/>\n<meta property=\"article:modified_time\" content=\"2019-01-17T15:46:36+00:00\" \/>\n<meta property=\"og:image\" content=\"http:\/\/m2ievm.com\/aavelo\/wp-content\/uploads\/2019\/01\/devanture-VELIGO4-e1546956291660-300x197.jpg\" \/>\n<meta name=\"twitter:card\" content=\"summary_large_image\" \/>\n<meta name=\"twitter:label1\" content=\"Dur\u00e9e de lecture estim\u00e9e\" \/>\n\t<meta name=\"twitter:data1\" content=\"1 minute\" \/>\n<script type=\"application\/ld+json\" class=\"yoast-schema-graph\">{\"@context\":\"https:\/\/schema.org\",\"@graph\":[{\"@type\":\"WebPage\",\"@id\":\"https:\/\/m2ievm.com\/aavelo\/qui-sommes-nous\/\",\"url\":\"https:\/\/m2ievm.com\/aavelo\/qui-sommes-nous\/\",\"name\":\"Qui sommes-nous? - VELOSTATION PARIS VALLEE DE LA MARNE\",\"isPartOf\":{\"@id\":\"https:\/\/m2ievm.com\/aavelo\/#website\"},\"primaryImageOfPage\":{\"@id\":\"https:\/\/m2ievm.com\/aavelo\/qui-sommes-nous\/#primaryimage\"},\"image\":{\"@id\":\"https:\/\/m2ievm.com\/aavelo\/qui-sommes-nous\/#primaryimage\"},\"thumbnailUrl\":\"http:\/\/m2ievm.com\/aavelo\/wp-content\/uploads\/2019\/01\/devanture-VELIGO4-e1546956291660-300x197.jpg\",\"datePublished\":\"2018-12-03T15:39:21+00:00\",\"dateModified\":\"2019-01-17T15:46:36+00:00\",\"breadcrumb\":{\"@id\":\"https:\/\/m2ievm.com\/aavelo\/qui-sommes-nous\/#breadcrumb\"},\"inLanguage\":\"fr-FR\",\"potentialAction\":[{\"@type\":\"ReadAction\",\"target\":[\"https:\/\/m2ievm.com\/aavelo\/qui-sommes-nous\/\"]}]},{\"@type\":\"ImageObject\",\"inLanguage\":\"fr-FR\",\"@id\":\"https:\/\/m2ievm.com\/aavelo\/qui-sommes-nous\/#primaryimage\",\"url\":\"https:\/\/m2ievm.com\/aavelo\/wp-content\/uploads\/2019\/01\/devanture-VELIGO4-e1546956291660.jpg\",\"contentUrl\":\"https:\/\/m2ievm.com\/aavelo\/wp-content\/uploads\/2019\/01\/devanture-VELIGO4-e1546956291660.jpg\",\"width\":499,\"height\":327},{\"@type\":\"BreadcrumbList\",\"@id\":\"https:\/\/m2ievm.com\/aavelo\/qui-sommes-nous\/#breadcrumb\",\"itemListElement\":[{\"@type\":\"ListItem\",\"position\":1,\"name\":\"Accueil\",\"item\":\"https:\/\/m2ievm.com\/aavelo\/\"},{\"@type\":\"ListItem\",\"position\":2,\"name\":\"Qui sommes-nous?\"}]},{\"@type\":\"WebSite\",\"@id\":\"https:\/\/m2ievm.com\/aavelo\/#website\",\"url\":\"https:\/\/m2ievm.com\/aavelo\/\",\"name\":\"VELOSTATION PARIS VALLEE DE LA MARNE\",\"description\":\"un nouveau regard sur l&#039; Eco-mobilit\u00e9\",\"publisher\":{\"@id\":\"https:\/\/m2ievm.com\/aavelo\/#organization\"},\"potentialAction\":[{\"@type\":\"SearchAction\",\"target\":{\"@type\":\"EntryPoint\",\"urlTemplate\":\"https:\/\/m2ievm.com\/aavelo\/?s={search_term_string}\"},\"query-input\":{\"@type\":\"PropertyValueSpecification\",\"valueRequired\":true,\"valueName\":\"search_term_string\"}}],\"inLanguage\":\"fr-FR\"},{\"@type\":\"Organization\",\"@id\":\"https:\/\/m2ievm.com\/aavelo\/#organization\",\"name\":\"VELOSTATION PARIS VALLEE DE LA MARNE\",\"url\":\"https:\/\/m2ievm.com\/aavelo\/\",\"logo\":{\"@type\":\"ImageObject\",\"inLanguage\":\"fr-FR\",\"@id\":\"https:\/\/m2ievm.com\/aavelo\/#\/schema\/logo\/image\/\",\"url\":\"https:\/\/m2ievm.com\/aavelo\/wp-content\/uploads\/2025\/04\/cropped-logo-velostation-3-02.png\",\"contentUrl\":\"https:\/\/m2ievm.com\/aavelo\/wp-content\/uploads\/2025\/04\/cropped-logo-velostation-3-02.png\",\"width\":249,\"height\":250,\"caption\":\"VELOSTATION PARIS VALLEE DE LA MARNE\"},\"image\":{\"@id\":\"https:\/\/m2ievm.com\/aavelo\/#\/schema\/logo\/image\/\"}}]}<\/script>\n<!-- \/ Yoast SEO plugin. -->","yoast_head_json":{"title":"Qui sommes-nous? - VELOSTATION PARIS VALLEE DE LA MARNE","robots":{"index":"index","follow":"follow","max-snippet":"max-snippet:-1","max-image-preview":"max-image-preview:large","max-video-preview":"max-video-preview:-1"},"canonical":"https:\/\/m2ievm.com\/aavelo\/qui-sommes-nous\/","og_locale":"fr_FR","og_type":"article","og_title":"Qui sommes-nous? - VELOSTATION PARIS VALLEE DE LA MARNE","og_description":"La VELOSTATION a \u00e9t\u00e9 mise en place par la Maison Intercommunale de l\u2019Insertion et de l\u2019Emploi Paris Vall\u00e9e de la Marne en 2015 r\u00e9pondant ainsi \u00e0 un double objectif\u00a0: Permettre \u00e0 des chercheurs d\u2019emploi d\u2019\u00eatre recrut\u00e9s en contrat \u00e0 dur\u00e9e d\u00e9termin\u00e9e d\u2019insertion (CDDI) Offrir aux habitants du territoire de Paris Vall\u00e9e de La Marne des &hellip; Continuer la lecture de &laquo;&nbsp;Qui sommes-nous?&nbsp;&raquo;","og_url":"https:\/\/m2ievm.com\/aavelo\/qui-sommes-nous\/","og_site_name":"VELOSTATION PARIS VALLEE DE LA MARNE","article_modified_time":"2019-01-17T15:46:36+00:00","og_image":[{"url":"http:\/\/m2ievm.com\/aavelo\/wp-content\/uploads\/2019\/01\/devanture-VELIGO4-e1546956291660-300x197.jpg","type":"","width":"","height":""}],"twitter_card":"summary_large_image","twitter_misc":{"Dur\u00e9e de lecture estim\u00e9e":"1 minute"},"schema":{"@context":"https:\/\/schema.org","@graph":[{"@type":"WebPage","@id":"https:\/\/m2ievm.com\/aavelo\/qui-sommes-nous\/","url":"https:\/\/m2ievm.com\/aavelo\/qui-sommes-nous\/","name":"Qui sommes-nous? - VELOSTATION PARIS VALLEE DE LA MARNE","isPartOf":{"@id":"https:\/\/m2ievm.com\/aavelo\/#website"},"primaryImageOfPage":{"@id":"https:\/\/m2ievm.com\/aavelo\/qui-sommes-nous\/#primaryimage"},"image":{"@id":"https:\/\/m2ievm.com\/aavelo\/qui-sommes-nous\/#primaryimage"},"thumbnailUrl":"http:\/\/m2ievm.com\/aavelo\/wp-content\/uploads\/2019\/01\/devanture-VELIGO4-e1546956291660-300x197.jpg","datePublished":"2018-12-03T15:39:21+00:00","dateModified":"2019-01-17T15:46:36+00:00","breadcrumb":{"@id":"https:\/\/m2ievm.com\/aavelo\/qui-sommes-nous\/#breadcrumb"},"inLanguage":"fr-FR","potentialAction":[{"@type":"ReadAction","target":["https:\/\/m2ievm.com\/aavelo\/qui-sommes-nous\/"]}]},{"@type":"ImageObject","inLanguage":"fr-FR","@id":"https:\/\/m2ievm.com\/aavelo\/qui-sommes-nous\/#primaryimage","url":"https:\/\/m2ievm.com\/aavelo\/wp-content\/uploads\/2019\/01\/devanture-VELIGO4-e1546956291660.jpg","contentUrl":"https:\/\/m2ievm.com\/aavelo\/wp-content\/uploads\/2019\/01\/devanture-VELIGO4-e1546956291660.jpg","width":499,"height":327},{"@type":"BreadcrumbList","@id":"https:\/\/m2ievm.com\/aavelo\/qui-sommes-nous\/#breadcrumb","itemListElement":[{"@type":"ListItem","position":1,"name":"Accueil","item":"https:\/\/m2ievm.com\/aavelo\/"},{"@type":"ListItem","position":2,"name":"Qui sommes-nous?"}]},{"@type":"WebSite","@id":"https:\/\/m2ievm.com\/aavelo\/#website","url":"https:\/\/m2ievm.com\/aavelo\/","name":"VELOSTATION PARIS VALLEE DE LA MARNE","description":"un nouveau regard sur l&#039; Eco-mobilit\u00e9","publisher":{"@id":"https:\/\/m2ievm.com\/aavelo\/#organization"},"potentialAction":[{"@type":"SearchAction","target":{"@type":"EntryPoint","urlTemplate":"https:\/\/m2ievm.com\/aavelo\/?s={search_term_string}"},"query-input":{"@type":"PropertyValueSpecification","valueRequired":true,"valueName":"search_term_string"}}],"inLanguage":"fr-FR"},{"@type":"Organization","@id":"https:\/\/m2ievm.com\/aavelo\/#organization","name":"VELOSTATION PARIS VALLEE DE LA MARNE","url":"https:\/\/m2ievm.com\/aavelo\/","logo":{"@type":"ImageObject","inLanguage":"fr-FR","@id":"https:\/\/m2ievm.com\/aavelo\/#\/schema\/logo\/image\/","url":"https:\/\/m2ievm.com\/aavelo\/wp-content\/uploads\/2025\/04\/cropped-logo-velostation-3-02.png","contentUrl":"https:\/\/m2ievm.com\/aavelo\/wp-content\/uploads\/2025\/04\/cropped-logo-velostation-3-02.png","width":249,"height":250,"caption":"VELOSTATION PARIS VALLEE DE LA MARNE"},"image":{"@id":"https:\/\/m2ievm.com\/aavelo\/#\/schema\/logo\/image\/"}}]}},"_links":{"self":[{"href":"https:\/\/m2ievm.com\/aavelo\/wp-json\/wp\/v2\/pages\/23","targetHints":{"allow":["GET"]}}],"collection":[{"href":"https:\/\/m2ievm.com\/aavelo\/wp-json\/wp\/v2\/pages"}],"about":[{"href":"https:\/\/m2ievm.com\/aavelo\/wp-json\/wp\/v2\/types\/page"}],"author":[{"embeddable":true,"href":"https:\/\/m2ievm.com\/aavelo\/wp-json\/wp\/v2\/users\/1"}],"replies":[{"embeddable":true,"href":"https:\/\/m2ievm.com\/aavelo\/wp-json\/wp\/v2\/comments?post=23"}],"version-history":[{"count":15,"href":"https:\/\/m2ievm.com\/aavelo\/wp-json\/wp\/v2\/pages\/23\/revisions"}],"predecessor-version":[{"id":568,"href":"https:\/\/m2ievm.com\/aavelo\/wp-json\/wp\/v2\/pages\/23\/revisions\/568"}],"wp:attachment":[{"href":"https:\/\/m2ievm.com\/aavelo\/wp-json\/wp\/v2\/media?parent=23"}],"curies":[{"name":"wp","href":"https:\/\/api.w.org\/{rel}","templated":true}]}}